vided by 85?
79
Calculate the remainder when 1654 is divided by 407.
26
Calculate the remainder when 562 is divided by 272.
18
Calculate the remainder when 570 is divided by 16.
10
Calculate the remainder when 1148 is divided by 21.
14
Calculate the remainder when 3366 is divided by 3357.
9
Calculate the remainder when 261 is divided by 57.
33
What is the remainder when 217 is divided by 203?
14
What is the remainder when 51 is divided by 15?
6
What is the remainder when 199 is divided by 22?
1
What is the remainder when 1239 is divided by 83?
77
What is the remainder when 1388 is divided by 13?
10
What is the remainder when 10085 is divided by 131?
129
What is the remainder when 3143 is divided by 17?
15
What is the remainder when 15118 is divided by 80?
78
Calculate the remainder when 73 is divided by 37.
36
Calculate the remainder when 161 is divided by 106.
55
Calculate the remainder when 522 is divided by 3.
0
What is the remainder when 359 is divided by 26?
21
What is the remainder when 147 is divided by 64?
19
What is the remainder when 7254 is divided by 177?
174
Calculate the remainder when 2360 is divided by 94.
10
What is the remainder when 288 is divided by 98?
92
What is the remainder when 579 is divided by 83?
81
Calculate the remainder when 169 is divided by 29.
24
Calculate the remainder when 1272 is divided by 67.
66
What is the remainder when 2295 is divided by 92?
87
What is the remainder when 300 is divided by 155?
145
What is the remainder when 54 is divided by 35?
19
What is the remainder when 92 is divided by 9?
2
Calculate the remainder when 291 is divided by 77.
60
What is the remainder when 1229 is divided by 25?
4
What is the remainder when 1149 is divided by 567?
15
Calculate the remainder when 284 is divided by 96.
92
Calculate the remainder when 3491 is divided by 698.
1
Calculate the remainder when 117 is divided by 62.
55
What is the remainder when 7966 is divided by 12?
10
Calculate the remainder when 171 is divided by 71.
29
What is the remainder when 626 is divided by 53?
43
What is the remainder when 1278 is divided by 29?
2
Calculate the remainder when 3153 is divided by 40.
33
What is the remainder when 262 is divided by 8?
6
What is the remainder when 15 is divided by 7?
1
What is the remainder when 2720 is divided by 26?
16
Calculate the remainder when 277 is divided by 8.
5
Calculate the remainder when 353 is divided by 52.
41
What is the remainder when 314 is divided by 22?
6
What is the remainder when 515 is divided by 43?
42
Calculate the remainder when 304 is divided by 63.
52
What is the remainder when 38 is divided by 10?
8
What is the remainder when 387 is divided by 23?
19
Calculate the remainder when 23756 is divided by 297.
293
What is the remainder when 322 is divided by 108?
106
What is the remainder when 352 is divided by 130?
92
What is the remainder when 6243 is divided by 44?
39
Calculate the remainder when 103 is divided by 82.
21
What is the remainder when 925 is divided by 330?
265
What is the remainder when 97 is divided by 28?
13
Calculate the remainder when 12077 is divided by 66.
65
Calculate the remainder when 405 is divided by 14.
13
Calculate the remainder when 748 is divided by 15.
13
What is the remainder when 459 is divided by 29?
24
Calculate the remainder when 76 is divided by 11.
10
What is the remainder when 375 is divided by 39?
24
What is the remainder when 1055 is divided by 16?
15
What is the remainder when 4004 is divided by 15?
14
Calculate the remainder when 3312 is divided by 68.
48
Calculate the remainder when 77 is divided by 43.
34
Calculate the remainder when 8095 is divided by 11.
10
What is the remainder when 528 is divided by 59?
56
What is the remainder when 118 is divided by 25?
18
What is the remainder when 2444 is divided by 17?
13
Calculate the remainder when 21 is divided by 6.
3
What is the remainder when 664 is divided by 2?
0
Calculate the remainder when 200 is divided by 35.
25
What is the remainder when 58 is divided by 42?
16
Calculate the remainder when 244 is divided by 58.
12
What is the remainder when 1885 is divided by 930?
25
What is the remainder when 180 is divided by 91?
89
Calculate the remainder when 57 is divided by 3.
0
Calculate the remainder when 381 is divided by 137.
107
What is the remainder when 35 is divided by 21?
14
What is the remainder when 138 is divided by 20?
18
What is the remainder when 79 is divided by 4?
3
Calculate the remainder when 660 is divided by 128.
20
Calculate the remainder when 1438 is divided by 37.
32
What is the remainder when 214 is divided by 36?
34
Calculate the remainder when 299 is divided by 187.
112
Calculate the remainder when 228 is divided by 22.
8
What is the remainder when 399 is divided by 131?
6
Calculate the remainder when 55 is divided by 5.
0
Calculate the remainder when 209 is divided by 53.
50
What is the remainder when 531 is divided by 111?
87
What is the remainder when 509 is divided by 180?
149
Calculate the remainder when 87 is divided by 3.
0
Calculate the remainder when 8703 is divided by 323.
305
Calculate the remainder when 246 is divided by 82.
0
Calculate the remainder when 772 is divided by 191.
8
Calculate the remainder when 58 is divided by 12.
10
What is the remainder when 217 is divided by 40?
17
What is the remainder when 429 is divided by 74?
59
What is the remainder when 84 is divided by 51?
33
Calculate the remainder when 397 is divided by 75.
22
Calculate the remainder when 228 is divided by 83.
62
What is the remainder when 354 is divided by 12?
6
Calculate the remainder when 35 is divided by 3.
2
What is the remainder when 2043 is divided by 681?
0
What is the remainder when 1537 is divided by 10?
7
Calculate the remainder when 130 is divided by 27.
22
Calculate the remainder when 1124 is divided by 75.
74
Calculate the remainder when 78 is divided by 3.
0
Calculate the remainder when 2493 is divided by 104.
101
What is the remainder when 296 is divided by 212?
84
What is the remainder when 194 is divided by 72?
50
Calculate the remainder when 182 is divided by 41.
18
Calculate the remainder when 1029 is divided by 489.
51
Calculate the remainder when 3029 is divided by 51.
20
Calculate the remainder when 935 is divided by 155.
5
What is the remainder when 2291 is divided by 62?
59
Calculate the remainder when 173 is divided by 117.
56
What is the remainder when 1610 is divided by 336?
266
What is the remainder when 168 is divided by 60?
48
Calculate the remainder when 69 is divided by 42.
27
Calculate the remainder when 1047 is divided by 174.
3
Calculate the remainder when 296 is divided by 10.
6
What is the remainder when 1473 is divided by 123?
120
Calculate the remainder when 503 is divided by 39.
35
Calculate the remainder when 227 is divided by 154.
73
Calculate the remainder when 864 is divided by 28.
24
Calculate the remainder when 661 is divided by 39.
37
Calculate the remainder when 261 is divided by 126.
9
What is the remainder when 1506 is divided by 17?
10
Calculate the remainder when 5958 is divided by 40.
38
What is the remainder when 464 is divided by 52?
48
What is the remainder when 651 is divided by 8?
3
Calculate the remainder when 249 is divided by 208.
41
What is the remainder when 999 is divided by 67?
61
Calculate the remainder when 725 is divided by 52.
49
What is the remainder when 434 is divided by 20?
14
Calculate the remainder when 548 is divided by 68.
4
Calculate the remainder when 23 is divided by 6.
5
What is the remainder when 523 is divided by 88?
83
What is the remainder when 1651 is divided by 167?
148
What is the remainder when 3563 is divided by 889?
7
What is the remainder when 275 is divided by 93?
89
Calculate the remainder when 3541 is divided by 1767.
7
What is the remainder when 148 is divided by 12?
4
What is the remainder when 58 is divided by 56?
2
What is the remainder when 264 is divided by 53?
52
Calculate the remainder when 50 is divided by 3.
2
Calculate the remainder when 121 is divided by 43.
35
Calculate the remainder when 388 is divided by 44.
36
What is the remainder when 10525 is divided by 87?
85
Calculate the remainder when 2950 is divided by 173.
9
Calculate the remainder when 122 is divided 